-14 = -r*s + 2*x. Suppose h - 136 = -s*h. Is h a prime number?
False
Let a be 2/(-2) + -3 + 34. Suppose -13 + 1 = 3*t, -4*t = -5*n + 31. Suppose -z + n*w = -a, -z + 5*w - 4 = -44. Is z a composite number?
True
Let a = -76 - -143. Is a a prime number?
True
Let i be (1 + 7)/((-2)/(-696)). Suppose 0 = 5*y - 1321 - i. Is y composite?
False
Let i = 358 + -149. Is i a composite number?
True
Suppose 0*h = 3*h - 339. Is h a prime number?
True
Let r(v) = 3*v**2 - 7. Is r(-10) a composite number?
False
Let p(l) = -2*l**3 + 25*l**2 - 24*l - 3. Let k(s) = -3*s**3 + 37*s**2 - 36*s - 5. Let d(o) = -5*k(o) + 8*p(o). Is d(11) composite?
False
Suppose -3*o + 3*u = -2*o + 54, 4*o + 156 = -3*u. Let t = o - -265. Is t a composite number?
False
Let b be 4/(-18) - 87/(-27). Suppose 124 = b*l + l. Is l a composite number?
False
Let r(d) = 180*d - 1. Let y be r(-1). Let b = y + 366. Is b composite?
True
Let a = 64 - 108. Suppose -172 + 14 = 2*g. Let m = a - g. Is m prime?
False
Is (-1526)/(-70) - (-2)/10 a composite number?
True
Suppose 0 = 2*y - y + 3. Let v(d) = -5*d**3 + d**2 - d - 4. Is v(y) composite?
True
Suppose -2*l = 3*o - 41, 2*o - 3 + 1 = 0. Let p = 12 + l. Is p a composite number?
False
Suppose 2*b - 2348 = f, -b - 408 + 1582 = 2*f. Is b a composite number?
True
Let m = -10 + 15. Is (-15)/m - -19*14 composite?
False
Suppose -4*l = l - 5610. Is 6/2*l/18 a prime number?
False
Suppose 0 = -3*q - 2*p + p + 381, 0 = 2*q - 2*p - 254. Is q a composite number?
False
Let h = -1 - -5. Suppose x + u + 3 = 12, -3*x + 32 = h*u. Is 2/x - 4584/(-16) a composite number?
True
Let z(h) be the first derivative of -25*h**3/6 - 3*h**2/2 - h + 1. Let s(y) be the first derivative of z(y). Is s(-2) prime?
True
Let a = -11 + 15. Suppose -a*g + r + 56 = -67, 0 = 5*r - 5. Is g prime?
True
Suppose 3*p + 3*a - 148 = 77, 5*p = -a + 359. Suppose -p = -3*c + h, 0*c - 2*c + h + 48 = 0. Is c prime?
True
Suppose -l + 860 - 237 = 0. Is l a composite number?
True
Suppose -25*f + 20*f + 545 = 0. Let k = 7 + -4. Suppose -128 = -k*t + f. Is t prime?
True
Let b(a) = a + 41. Let n be b(0). Let w(c) = -12*c + 2. Let k be w(2). Let h = k + n. Is h composite?
False
Let p(f) = -f**3 - f**2 - f - 67. Let s be p(0). Let t = 60 - s. Is t a composite number?
False
Let b(p) = 4*p - 7. Let j(l) = 2*l - 12. Let a be j(10). Is b(a) composite?
True
Suppose -2*b - 2*s + 10 = 2*b, -5*b + 4*s = 20. Suppose b = -a - a + 106. Is a a composite number?
False
Let j = 58 + 85. Is j a prime number?
False
Is 1/(2 + 291/(-147)) composite?
True
Let x = 10 - 1. Let u be ((-6)/x)/(4/(-114)). Suppose -2*a = -u - 27. Is a prime?
True
Let b be 2/(-6)*(-4 - -7). Is 246/8 - b/4 composite?
False
Let s(x) = 3*x**2 + x - 2. Let p be s(5). Suppose -u + p = -293. Is u composite?
True
Is 29504/16 + (-2 - -1)*1 a prime number?
False
Let n be -4*(-2 + 6/4). Suppose -4*k = -j + 86 + 41, n*j - 4*k = 246. Is j prime?
False
Is ((-6)/(12/(-1046)))/1 a prime number?
True
Suppose -c = -2*o + 1444, 2*o - 2880 = -2*o - 2*c. Is o composite?
True
Suppose 2*n = 4*u + 693 + 19241, -3*n = 4*u - 29901. Is n composite?
False
Let j(m) = 5*m + 1. Let f(o) = -1. Suppose -4*q = n + 21, -q + 5*q + 18 = 2*n. Let i(h) = n*j(h) + 2*f(h). Is i(-2) prime?
True
Let g = 198 + 875. Is g a composite number?
True
Suppose 5*s - 559 = 741. Let l = -20 + s. Suppose b + l = 3*m - 16, -5*m = -3*b - 428. Is m a prime number?
False
Let o(r) = 4*r + 3. Let a be o(-5). Let f(v) = 2*v + 2. Let w be f(-2). Let h = w - a. Is h composite?
True
Suppose 120 = 2*s + h, 2*s + 3*s - 291 = 2*h. Is s composite?
False
Is (3/(9/(-87)))/((-1)/53) a composite number?
True
Let w = -235 - -347. Let o = w - 41. Is o composite?
False
Suppose 20*f - 38297 = 13*f. Is f a composite number?
False
Is -1*(3 + 152/(-1)) a composite number?
False
Suppose 0 = 4*p - 3*p + 4*z + 13, -5*z - 11 = 3*p. Suppose 0 = -0*s - p*s + 165. Is s a composite number?
True
Suppose s + 6 = -2. Let g(k) = -50*k**3 - k - 1. Let c be g(-1). Let m = c - s. Is m prime?
False
Let y(s) = -9 + 2 + s**2 + 0 + 3*s - 2*s. Is y(6) a prime number?
False
Let c = 1753 + -2560. Let d = -220 - c. Is d prime?
True
Let a be 194/7 - (-2)/7. Let i = 91 + a. Is i a prime number?
False
Let i be (2 + 1)/(9/12). Suppose i*h - 91 - 81 = 0. Is h composite?
False
Let x be (1/2)/((-1)/(-4)). Suppose -2*h + 22 = -4*w, 5 = 2*h - x*w - 9. Is h a prime number?
True
Suppose -73*j = -74*j + 262. Is j a prime number?
False
Let i(z) = z**2 - 12. Is i(-9) a prime number?
False
Suppose -2*s = -5*p + 16, -s - 3 = -0*s. Suppose -p*l = l + 6. Is l + -1 + -2 + 39 a prime number?
False
Let h be 3165/39 - 6/39. Let q = 148 - h. Is q a prime number?
True
Suppose -q = o - 137, 21 = -q - 2*o + 153. Is q a composite number?
True
Let k = -58 - -82. Suppose -788 - k = -4*o. Is o a prime number?
False
Let s(t) = 6*t - 21*t - 14*t. Is s(-5) a composite number?
True
Suppose -4*w = -w - 3543. Is w a prime number?
True
Is 4/(-6) + (-2555)/(-21) a prime number?
False
Let q(t) = t - 20. Let v be q(0). Let r(j) = -4*j**3 + 4*j**2 + 2*j - 2. Let c be r(-2). Let o = v + c. Is o a composite number?
True
Is 5 + -7 + 720 + 1 a prime number?
True
Suppose -12 = 3*k - 3*g, -5*k - 25 = -2*g + 1. Is 938/(-21)*k/4 composite?
False
Suppose -p = 2*r - 312, -5*r + p + 163 = -624. Is r a composite number?
False
Suppose 0 = -3*y + 294 + 477. Is y prime?
True
Let u be 1 - 5 - 1*38. Let v = u + 191. Is v a prime number?
True
Let z(m) = 9*m**2 - 7*m + 9. Is z(5) a prime number?
True
Let l be (-147)/2*-2*1. Suppose 4*f - l - 333 = 0. Suppose 38 + f = 2*d. Is d a prime number?
True
Suppose -2*t = 3*c - 2111, -t + 1414 = 2*c + 2*t. Is c a composite number?
False
Suppose 1 = -m, -4*m - 14 = -2*s - 3*s. Let x(u) = 2*u**3 - 3*u**2 + u - 2. Let h be x(2). Suppose -h*n + s*n = -44. Is n a composite number?
True
Suppose -4*x - 2*r = -902, -3*x + 286 = 4*r - 393. Suppose -t - 4*z + 97 = 0, 5*t - 5*z = 360 + x. Is t composite?
False
Let p(z) = 2*z**2 + 18*z + 9. Is p(-14) a composite number?
False
Let j be (-3 - -1) + 32/(-1). Is (21/6)/((-1)/j) prime?
False
Let z be (-12)/(-4)*-1*1. Is z/(-2)*(-236)/(-6) a prime number?
True
Suppose -4*s - 4*r = s - 23405, 0 = -s + r + 4690. Is s a prime number?
False
Let m(k) = k**2 + 209. Is m(0) a prime number?
False
Let r(l) be the first derivative of 5*l**2 + 7*l - 5. Is r(9) prime?
True
Let v = 177 - -1460. Is v composite?
False
Let v(f) = -f**2 + 7*f - 5. Let k be v(5). Suppose -k*n + 749 = -916. Is (-1)/((-1002)/n - -3) composite?
True
Let k(v) = v - 4. Let d be k(6). Suppose 2*f + u = 256, d*f + u = 6*u + 244. Is f prime?
True
Let i = 20 - -59. Suppose 0*l = -l + i. Is l composite?
False
Let o be 3/3 + (-2)/(-2). Suppose 0 = 2*n - 72 + o. Is n composite?
True
Let q(p) = -2*p**3 + 4*p**2 + 7*p. Let j be q(5). Let u = -60 - j. Is u a prime number?
False
Suppose -2*w - 84 = -6*w. Is (-7)/w + 148/3 prime?
False
Let r(s) = 22*s - 4. Let m(w) = -22*w + 3. Let p(q) = 3*m(q) + 2*r(q). Is p(-4) a composite number?
False
Suppose 2*s = 3*s - 371. Is s a composite number?
True
Suppose g - 14*f = -18*f + 1263, 6285 = 5*g + 5*f. Is g a composite number?
True
Suppose 9*k = 12*k - 12. Let a be 0 + 2*(-2)/(-2). Suppose -4*z - a*h + 287 = -731, -1023 = -k*z - h. Is z composite?
False
Let a = 16 + -48. Let q = a + 59. Is 1815/q + (-4)/18 a prime number?
True
Let p be (-43)/2 - (-6)/12. Is 5/(-2 + (-45)/p) a prime number?
False
Is (-1381)/(-1*2/10) composite?
True
Suppose -5*t + 9*t - 12 = 0. Suppose 0 = -g - t - 0. Is (-4)/2 + (-177)/g a composite number?
True
Suppose 0*r = -2*r - 32. Let d = 36 + r. Suppose m - 2*i - 22 = -m, -5*i + d = 0. Is m a composite number?
True
Suppose 35 = 5*c - 0*c. Suppose 4*y + 5 = -a + c*y, -2*a + 2*y = 26. Let q = a - -96. Is q prime?
True
Suppose -m - 6 = -3*m. Let a(o) = 0 - 2 + m*o - 2. Is a(9) a prime number?
True
Let i(x) = 5*x - 6. Suppose 4 = -n + 2. Let k be 17/2 + n/(-4). Is i(k) a composite number?
True
Suppose -3*n - y = -2970, -5*n - 2*y + 4961 = -4*y. Is n a composite number?
False
Let f(m) = 59*m - 16. Is f(1) prime?
True
Let d be -2*((-2350)/4)/5. Suppose -c - 2*y = -95, 3*y - 7*y - d = -3*c. Is c prime?
False
Let l(n) = -2*n + 5 + 5 - n. Let x be l(8). Let d = x + 35. Is d a composite number?
True
Let a(f) = -2*f**3 - 7*f**2 - 4*f 